9745 - 9734. Calculate the remainder when 2660 is divided by w.
9
Suppose -11*b = 29*b - 400. Suppose 98 = b*f - 342. Calculate the remainder when 128 is divided by f.
40
Suppose 2*p - 4*p - 4*a = -22, 2*p - a - 2 = 0. Suppose 0 = -4*o - 5*k, o - p*k = 6*o. Suppose o*t - 30 = -6*t. Calculate the remainder when 43 is divided by t.
3
Suppose -630 = -2*q - 19*q. Suppose 2*l + 164 = -2*l. Let r = 57 + l. Calculate the remainder when q is divided by r.
14
Let v = 778 + -647. Suppose -2*k = -5*c + c - 8, -2*c + 68 = 5*k. What is the remainder when v is divided by k?
11
Suppose 3*g + 664 = 5*v, -105*v + 103*v - g + 248 = 0. Calculate the remainder when 3071 is divided by v.
127
Suppose 37*o = 35*o - 400. Let i = -431 - o. Let f = i + 350. What is the remainder when f is divided by 24?
23
Let d = 21 + -12. Suppose -2*m + 30 = 2*x, -d*x + 3*m = -4*x - 75. Suppose -p + 1503 = 1446. Calculate the remainder when p is divided by x.
12
Suppose -3*g + 46 = 2*x - 106, -x + 1 = 0. Suppose 142 = 16*z - g. Suppose 3*n - 238 = 47. Calculate the remainder when n is divided by z.
11
Let d(r) = 2*r - 2 + 88*r**3 - 152*r**3 + 3*r**2 + 63*r**3. Calculate the remainder when d(-4) is divided by 43.
16
Suppose 0 = 8*b + 19*b - 15120. Suppose 6*n - b = -14*n. Calculate the remainder when 83 is divided by n.
27
Suppose 3*s = -5*v + 164, v + s + 4 - 36 = 0. Let x(a) = -a**2 + 31*a + 7. What is the remainder when x(29) is divided by v?
31
Let o(c) = -74*c**3 + 4*c**2 + 5*c + 2. Suppose -90*y + 94*y = -4. What is the remainder when 75 is divided by o(y)?
0
Let g = -3965 + 4073. What is the remainder when 263 is divided by g?
47
Suppose 5*g = -v + 1104, -4*v + 2*v = g - 228. Suppose g = 5*d - 5*p, 4*p = -p - 20. Calculate the remainder when d is divided by 11.
7
Suppose -s + 4*f - 554 = -12*s, f + 249 = 5*s. Calculate the remainder when 61 is divided by s.
11
Let v be (-9*(-12)/18)/((-2)/(-3)). Let d(n) = -16*n + 45. Let l be d(v). Let s = l + 149. Calculate the remainder when s is divided by 9.
5
Calculate the remainder when 685 is divided by 5418/162 - -8 - (-4)/(-9).
29
Let w(a) = a**2 + 17*a + 3. Let u be w(-17). Suppose u*q - 73 = 86. What is the remainder when q is divided by 7?
4
Let m be 1 + -1 + (-12)/(9/(-3)). Suppose 0 = -m*c + 6*c - 34. Suppose 5*x + 63 = t, -207 = -5*t - 0*t - 2*x. Calculate the remainder when t is divided by c.
9
Suppose -5*y = t - 2771, 4*y - 7*y = -2*t + 5477. Calculate the remainder when t is divided by 12.
10
Suppose 4*w + 5*m = 22, -w + 2*m = 6*m. Calculate the remainder when 154 is divided by w.
2
Let x = 5928 + -5383. What is the remainder when x is divided by -2 - (-3 - (1 + 40))?
41
Let f(i) = -2*i + 12. Let k be f(5). Calculate the remainder when ((-1998)/45)/(k/(-5)) is divided by 2 + ((-144)/(-4) - 0).
35
Suppose 4*s = 4*h - 236, -314 = -3*h + 2*s - 131. What is the remainder when 903 is divided by h?
58
Let w(o) = 4*o**3 + 21*o**2 - 6*o - 45. What is the remainder when 293 is divided by w(-5)?
3
Let h = 3127 - 1222. What is the remainder when h is divided by 53?
50
Let h(j) = j**2 - j + 2. Let w be h(2). Suppose 85 = 2*r - 2*d - 15, w*d = 2*r - 94. Suppose -7*z + 36 = -5*z. Calculate the remainder when r is divided by z.
17
Let z = 5800 + -5769. What is the remainder when 569 is divided by z?
11
Suppose 10 = -2*u, 0 = p - u + 1413 - 1922. Calculate the remainder when p is divided by 123.
12
Let p = 59 + -35. Suppose -211*s - 728 = -218*s. What is the remainder when s is divided by p?
8
Let w = 9057 + -8547. Calculate the remainder when w is divided by 156.
42
Let x(c) = -c**3 - 5*c**2 + 2. Suppose 578*s - 238*s - 2380 = 0. What is the remainder when s is divided by x(-5)?
1
Suppose 3*h + 9 = 3*a, 3*h + 11 = 4*a - 3. Suppose 3*n = 4*i - 52, h*i - 2*n - 18 = i. Calculate the remainder when (-356)/(-16) + 2964/624 is divided by i.
7
Let q(c) = 36*c - 103. What is the remainder when q(7) is divided by 26?
19
Calculate the remainder when (89 - 86) + 766*(-12)/(-8) is divided by 34.
30
Calculate the remainder when 176 is divided by -9 - ((-1230)/9 + (-72)/(-27)).
51
Let g(r) = 11*r**2 - 31 + 17*r**2 + 6*r + 23*r**2 - 38*r**2. What is the remainder when g(3) is divided by 27?
23
Let f(z) = 41919*z**2 + 64*z - 62. Calculate the remainder when f(1) is divided by 13.
9
Let i(a) = 2*a**2 + a - 34. Let h be i(-4). What is the remainder when h/((-37)/56 - (-18)/63) is divided by 6?
4
Suppose 26*h = 860 - 6866. Let y = -133 - h. What is the remainder when y is divided by 10?
8
Let j(l) = 201*l**3 + 2*l - 1. Suppose -19*d - 19 = -38. Calculate the remainder when j(d) is divided by 68.
66
Let c(a) = -2*a - 17. Let w be c(-7). Let q be (18/10 + 3)*(-10)/w. Suppose -4*z - 72 = -3*k, z + 99 = 4*k + q. What is the remainder when 116 is divided by k?
16
Calculate the remainder when 1414 is divided by 3*(-9 - -10) + 9.
10
Let z = -376 - -465. Suppose 94*t = z*t + 145. What is the remainder when t is divided by 4?
1
Suppose 62*z = 30*z + 1248. Calculate the remainder when 462 is divided by z.
33
Let c = -4809 + 4866. What is the remainder when 584 is divided by c?
14
Suppose -4*q - 8 = 0, -8*f + 4*q + 28120 = -4*f. What is the remainder when f is divided by 9?
8
Suppose -17 = -3*i + 19. Let a be 32/i - (-4)/(-6). Let h(q) = 15*q**3 - 2*q**2 - 2*q. What is the remainder when h(a) is divided by 22?
20
Suppose 83 - 19 = 16*y. Suppose 9*k - y*k = 45. Calculate the remainder when 61 is divided by k.
7
Let z(h) = 2*h**2 - 74*h + 1235. Calculate the remainder when z(14) is divided by 24.
15
What is the remainder when 172 is divided by (732/(-24) + 13)*12/(-10) - 7?
4
Suppose -5*z = -4*k - 123, -77*z = -78*z - k + 30. What is the remainder when 168 is divided by z?
6
Suppose 0 = -27*n - 202 + 396 + 832. Calculate the remainder when n is divided by -6*(-12)/(3 - 0).
14
Suppose -997 - 663 = -20*t. Suppose -2*p - 10 = 24. Let y = p - -45. Calculate the remainder when t is divided by y.
27
Let o = -761 + 772. Calculate the remainder when 318 is divided by o.
10
Let j = -326 - -349. Suppose 31*o - j*o = 496. What is the remainder when 139 is divided by o?
15
Suppose 7*b - 5*b - 91 = -5*n, 5*b = 5*n - 105. Let k(w) = 148*w**2 - 2*w - 2. What is the remainder when k(2) is divided by n?
16
Let w be (-32)/48*54/4*3. Calculate the remainder when 67 is divided by w/(45/(-70)*(-21)/(-18)).
31
Suppose -2*b + 102 = a + 3, -4*a + 4*b = -420. Calculate the remainder when a is divided by 48.
7
Suppose -2*v - 12 = 0, 1524*v + 372 = 2*o + 1520*v. Calculate the remainder when o is divided by ((-90)/8)/((-1)/4).
39
Suppose 0 = 2*s - 3*s - 16. Let c = -29 - 20. Let d = s - c. Calculate the remainder when d is divided by 12.
9
Let r be -4 + 7 + 0 - 0. Suppose 30 = r*x + 60. Calculate the remainder when (-164)/x*(-7 - -12) is divided by 17.
14
Suppose 20*d = -62*d + 18*d + 29760. What is the remainder when d is divided by 69?
51
Let n(s) = -39*s - 41. Let w be n(9). Let v = -287 - w. What is the remainder when v is divided by (-333)/(-15) - 4/20?
17
Let v = 821 - 740. Suppose 0 = -o - 3*k + 28, -28 = -o - 0*k - 2*k. What is the remainder when v is divided by o?
25
Let s = 5709 - 4940. Calculate the remainder when s is divided by 87.
73
Let n be (-16 + 2)/(7*16/(-56)). Suppose -18*i + 286 = -n*i. Calculate the remainder when 74 is divided by i.
22
Let o(w) = -122*w**3 + w**2 - w - 2. Calculate the remainder when o(-1) is divided by 64.
58
Suppose 3*p - 2*v = 8, 5*p + 4*v - 24 = p. Suppose -d + 26 = -5*x, 2*x - x + 180 = p*d. Calculate the remainder when 130 is divided by d.
38
Let u = 329 - 327. Suppose -4*n = 4*j + 8 - 68, 0 = -3*j - u*n + 45. What is the remainder when 134 is divided by j?
14
Suppose 10*t + 368 = 12*t - 2*z, -5*t - z = -926. Calculate the remainder when 488 is divided by t.
118
Let d = -18725 + 18812. What is the remainder when 352 is divided by d?
4
What is the remainder when 538 is divided by (18/21)/(-1) - (-137418)/777?
10
What is the remainder when (-1)/(21/7*-2 + 7) - -14000 is divided by 80?
79
Let i(p) = p**3 - 32*p**2 + 62*p - 45. Calculate the remainder when 1871 is divided by i(30).
11
Suppose 12*t = 5*i + 1027, 2*i - 173 = -2*t + i. Calculate the remainder when t is divided by 32.
22
Let l = -10 + 13. Suppose 2*t - 145 = q, 174 = l*t - q - 46. Suppose 4